prime factors of u?
5, 11
Let a(z) = z**3 + 5*z**2 + 2*z - 2. Let p be a(-4). Suppose p*w + 4*t + 16 = 2*w, -2 = w + 2*t. What are the prime factors of (36/30)/(w/(-220))?
2, 11
Suppose -666 - 1182 = -6*p. Let g = p - 78. What are the prime factors of g?
2, 5, 23
Let w(u) = 11*u**2 - 17*u - 62. What are the prime factors of w(-7)?
2, 149
Suppose -3 = -3*z - 3*g + 5*g, 2*z - 2 = 2*g. Let c be z/(-4*(-1)/100). Let x = c - 16. What are the prime factors of x?
3
Let c(g) = -11*g + 180. What are the prime factors of c(-21)?
3, 137
Suppose j - 160 = -2*i, 0*j = -5*j - 2*i + 760. What are the prime factors of j?
2, 3, 5
Let n(k) be the second derivative of 19*k**4/12 + 7*k. Let o be n(2). Suppose 4*c - o + 4 = 0. What are the prime factors of c?
2, 3
List the prime factors of -1 + 3 + (10 - -521).
13, 41
Let v(t) = t**2 + 13*t - 22. Let n(f) = -4*f**2 - 38*f + 66. Let a(j) = 2*n(j) + 7*v(j). Let m be a(10). Let l = m - 4. List the prime factors of l.
2, 3
Let u(j) = -16*j - 7. Let g be u(6). Let w = -31 - g. List the prime factors of w.
2, 3
What are the prime factors of 8/(440/26995) - (-2)/11?
491
Let n(g) = 9*g**2 + 4*g - 2. Let q be n(-4). Let u = 892 - 890. Suppose u*a + q = 5*a. What are the prime factors of a?
2, 3, 7
Suppose 4*p - p + 18 = 0. Let m(u) = 4*u**2 + 16*u + 7. Let h be m(p). Suppose -o = 2*v - 25, 4*v - 3*o - h = -0*o. List the prime factors of v.
13
Let m = 53 + -51. What are the prime factors of 1*m/4 + (-15)/(-2)?
2
Let v(s) = -s**3 - s**2 - s + 3. Let g be v(0). Suppose -5*n + 7 + 28 = -5*f, 3*n + 2*f - 1 = 0. Suppose x - g = n. List the prime factors of x.
2, 3
Let g(v) be the second derivative of -7*v**3/6 - 56*v. Let a be (-1 + 2)*1 + -4. What are the prime factors of g(a)?
3, 7
Let a(b) = -b**2 - b + 2. Let l be a(-2). Suppose l*c + 3*x = c - 26, 2*c - 28 = -2*x. Suppose -2*o + c = -53. List the prime factors of o.
5, 7
Let w(y) = y**3 - 4*y**2 - 5*y - 6. Let f be w(5). Let m be (1 - f) + 3 + 3. Let z = m + 2. List the prime factors of z.
3, 5
Let r(g) = -2*g**3 - 2*g**2 + 3*g + 6. Let k be r(-4). Suppose -2*f + 3*h - 12 = -77, -3*f = -3*h - k. List the prime factors of f.
5
Suppose 0 = -0*g + 3*g - r + 19, 0 = g - r + 9. Let z be (g/(-15))/((-2)/(-24)). Suppose z*w = w + 84. List the prime factors of w.
2, 7
Let n be 2/((-3)/9*6/(-38)). Suppose 0 = 4*l - 6 - n. List the prime factors of l.
11
Suppose -5360 = -75*a + 70*a. List the prime factors of a.
2, 67
Let q(c) = 3*c + 3. Let y be 10/4 - (-3)/6. Suppose y*d = -d + 28. What are the prime factors of q(d)?
2, 3
Let f(a) be the first derivative of 27*a**2/2 - 62*a + 1. What are the prime factors of f(6)?
2, 5
Suppose -34*u + 90480 = 6*u. List the prime factors of u.
2, 3, 13, 29
Suppose 420*h = 423*h - 6183. List the prime factors of h.
3, 229
Suppose -34*z + 30*z = -848. List the prime factors of z.
2, 53
Let k = -630 + 692. List the prime factors of k.
2, 31
Let i = -585 + 766. List the prime factors of i.
181
Suppose 2*m = -0*m - 30. Let j = 18 + m. List the prime factors of (-215)/(-6) - j/(-18).
2, 3
Let z(i) = -i**3 - 10*i**2 - 10*i - 9. Let r be z(-9). Suppose -2*d + 160 = 2*n - 36, r = -5*n + d + 472. What are the prime factors of n?
5, 19
Suppose 0 = 870*o - 871*o + 724. What are the prime factors of o?
2, 181
Let i(h) = -8*h**2 - 5*h + 1048. List the prime factors of i(0).
2, 131
Let y(a) be the first derivative of 14*a**3/3 + a**2/2 + 2*a + 35. List the prime factors of y(-1).
3, 5
What are the prime factors of (-10906)/(-76)*24/7?
2, 3, 41
Let s(y) = 6*y**2 + 11*y - 15. What are the prime factors of s(-8)?
281
Let p = 102 + -228. List the prime factors of (-11998)/p + (-2)/9.
5, 19
Suppose 12*j + 11368 = 20*j. List the prime factors of j.
7, 29
Suppose 0 = -88*o + 210782 + 32450. What are the prime factors of o?
2, 691
Let w be ((-10)/(-4))/(3/(24/(-4))). List the prime factors of 8*(w - 21/(-2)).
2, 11
Let t(o) = 67*o - 3. What are the prime factors of t(5)?
2, 83
Let g(i) = -i**2 - 11*i - 15. Let a be g(-6). Suppose -4*o = t + a, 2*t - 9 = -3*o + 8*o. List the prime factors of (4/6)/(t/(-189)).
2, 3, 7
Suppose -b + 1 = -2*p + 3, 3*p - 25 = -4*b. Suppose p*g - 787 = -5*j, 2*g + j = g + 263. What are the prime factors of g?
2, 3, 11
Suppose 23*n - 2628 = 17*n. List the prime factors of n.
2, 3, 73
Let g(m) = m**2 + 8*m + 5. What are the prime factors of g(7)?
2, 5, 11
Suppose -16*r = -13*r + 4*l - 68, -3*r - 2*l + 64 = 0. What are the prime factors of r?
2, 5
Suppose -7*m + 259 + 336 = 0. Let b = m - 34. What are the prime factors of b?
3, 17
Let p(n) = -n**2 + 16*n + 6. Let y = -1 - -6. Let a = 19 - y. What are the prime factors of p(a)?
2, 17
Let g = 31 - 26. Let z = g + 17. List the prime factors of z.
2, 11
What are the prime factors of 4629/15 + (-21)/35?
2, 7, 11
Let z(x) = 3*x + 0*x + 13 - 6. List the prime factors of z(11).
2, 5
Let m(r) = -r**2 - 6*r + 5. List the prime factors of m(-5).
2, 5
What are the prime factors of 4 - 8/(-6)*(-5748)/(-8)?
2, 13, 37
Suppose 271 = 2*p - 401. List the prime factors of p.
2, 3, 7
Suppose 90 = 5*a - 0*a. Let t = a + -11. Let s = t - 5. What are the prime factors of s?
2
Suppose -5*b - i = 4*i + 10, 10 = b - 2*i. List the prime factors of (32/(-48))/(b/(-33)).
11
Suppose -5*p + 3*p = -4*z - 22, -4*p + 4*z = -28. Suppose p*q - 404 = 5*v, v = -q + 2*v + 134. List the prime factors of q.
7, 19
Let j(z) = -z + 1. Let f(x) = -x**3 - x**2 + x - 9. Let n(u) = -f(u) - 5*j(u). Let l be n(-3). Let g = 36 + l. List the prime factors of g.
2, 5
Suppose -3*w - 3*o = w - 104, -71 = -3*w - 4*o. Let i = w + -29. Suppose i = -4*b + 26 + 38. List the prime factors of b.
2
Let j(m) = -m**3 - 13*m**2 + 6*m - 23. Let l(f) = -f**3 - 13*f**2 + 6*f - 24. Let d(r) = 7*j(r) - 6*l(r). List the prime factors of d(-14).
5, 19
Let z(u) = -u**3 - 2*u**2 + 14*u + 10. Let b be z(-5). Suppose -5709 = -b*p - 1329. List the prime factors of p.
2, 73
Let u be ((-9)/6)/((-12)/16). What are the prime factors of -5 + u - -71*(4 + -3)?
2, 17
Let j = 400 + -203. Suppose -5*z = -1022 + j. What are the prime factors of z?
3, 5, 11
Suppose a = 2*a, -3*a = -3*i - 21. Let r be (-196)/i + 0/(-2). Let j = r - 20. List the prime factors of j.
2
Let s(k) = k**3 + 26*k**2 + 46*k - 16. What are the prime factors of s(-13)?
1583
Let l(a) = 6*a**2 - 6*a**2 + 2*a**2 - a. Let t be l(-6). Suppose -2*j + t = 4*q, 0 = q - 4*q + 2*j + 62. List the prime factors of q.
2, 5
Suppose 13*u - 16*u + 3*m + 2679 = 0, 0 = -2*m - 2. What are the prime factors of u?
2, 223
Suppose 0 = -4*c + 27*l - 22*l + 12337, 4*c - 12307 = -l. List the prime factors of c.
2, 3, 19
Suppose z = -2*h + 6*z + 727, -2*h = -3*z - 733. What are the prime factors of h?
7, 53
Let j(t) = 2*t - 30. Let s be j(16). Suppose 0 = -s*r + 2 + 26. List the prime factors of r.
2, 7
Let h be ((-1181)/(-5))/((-1)/(-5)). Suppose 5*l = -141 + h. Suppose -5*o - b = -6*b - 220, -2*b - l = -5*o. List the prime factors of o.
2, 5
Let j(i) = -i + 12. Let f(z) = -3*z - 9. Let u be f(-4). Suppose 0 = -3*b + 2*y + 4, u*b - 3*y = -4*y - 2. What are the prime factors of j(b)?
2, 3
Let r(q) = q**3 - 6*q**2 + q - 23. What are the prime factors of r(8)?
113
Let a = -10334 + 14529. List the prime factors of a.
5, 839
Suppose -7*o + 14*o - 7735 = 0. What are the prime factors of o?
5, 13, 17
Suppose -6*z = -7*z + 5. Let x be z - (0/1 - -3). List the prime factors of (135/18)/(1/x).
3, 5
Let j be (-6)/(-4)*(-4)/(-6). Suppose -2 = -q + j. List the prime factors of -74*(6/(-4))/q.
37
Let t = -16 + 16. Suppose t = 5*k - 88 - 17. What are the prime factors of k?
3, 7
Suppose -4*j - 1 = j - 3*h, -5*h - 15 = 0. Let c be (2 - (2 + -4))/j. What are the prime factors of 1/c*8 + 32?
2, 7
List the prime factors of 2 + 0 - 3 - -1456.
3, 5, 97
Suppose 0 = 30*s - 49*s + 51775. What are the prime factors of s?
5, 109
Suppose -2*g + 17 = 5*q, 4 = 3*q - 4*g - 1. Let h be 2 - 4*(-2)/(-4). Suppose h = -q*r + 5*r - 6. What are the prime factors of r?
3
Let x(m) = 5*m**2 - 2*m + 24. Let p be x(-5). Suppose -441 = -5*w + p. What are the prime factors of w?
2, 3, 5
Let x(u) = -101*u - 11. List the prime factors of x(-8).
797
Suppose -5*f = -5*w + 1665, -10 = f + f. List the prime factors of w.
2, 41
Suppose 7*c - 34 = 3*c + 5*h, -24 = -5*c - 3*h. Suppose -